 - z = 130, -j*w + 3*z - 146 = -46*w. What is the remainder when w is divided by 17?
15
Suppose -4*a = -g + 1722, 0 = 30*g - 28*g + 5*a - 3470. Calculate the remainder when g is divided by 6.
2
Suppose 84*r = 176*r - 53728. What is the remainder when r is divided by 291?
2
Let h(a) = a**2 + 4*a - 5. Let s(b) = 93*b**2 + 2402*b - 4795. What is the remainder when s(2) is divided by h(-7)?
13
What is the remainder when 6273/12 - 3/(-8)*(-176)/(-264) is divided by 16?
11
Let l = 21156 + -20008. Calculate the remainder when l is divided by 382.
2
Suppose 0*o - 6*o = 0. Suppose o = -5*s + 128 + 27. Suppose -3*w = 12, 4*h + 5*w + 3 = 31. Calculate the remainder when s is divided by h.
7
Let i(t) = 113*t - 6581. Calculate the remainder when i(63) is divided by 183.
172
What is the remainder when 197 is divided by 2*103 - (-336 + 351)?
6
Let o = 177 - 90. Calculate the remainder when o is divided by 318/583 - (-478)/11.
43
Let f = 682 + -476. Let t = f - 159. What is the remainder when t is divided by 26?
21
Suppose -5*c = -11*c + 138. Suppose j + c = 2*h - 0*j, -3*j = 4*h - 41. What is the remainder when 75 is divided by h?
9
Suppose 0 = t - 5*t + 56. Let h be ((-6)/7)/((-57)/1330). Let o = h - t. Calculate the remainder when 39 is divided by o.
3
Let o(v) = v**2 + 106*v + 2461. Calculate the remainder when (-103)/(-2) + (-2)/4 is divided by o(-72).
12
Suppose 7*t = 5*t + 86. Let j = 61 + -32. Suppose 5*z = 3*a - 38, -3*a + j = -z + 5*z. What is the remainder when t is divided by a?
10
Let c(h) = -13*h - 39. Let w(j) = 4*j + 25. Let k be w(-6). Let u(v) = v + 1. Let i(s) = k*c(s) + 4*u(s). What is the remainder when i(-8) is divided by 10?
7
Let j = 141 + 67. Let x = j - -113. Calculate the remainder when x is divided by 12.
9
Let a(q) = -44*q - 1749. Calculate the remainder when a(-55) is divided by 660.
11
Let c(q) = 48*q + 9. Let m = 72 + -62. Let l be c(m). Suppose -198 = -2*f + 2*v, l = 5*f + v - 3*v. What is the remainder when f is divided by 20?
17
Let m = -24 - -29. Suppose m*z = 4*l - 64, -5*l + 35 = 5*z - 0*z. Suppose -6 = -h + l. What is the remainder when h is divided by 4?
1
Let v = 157 + -154. Let x = -28 - -33. Suppose -i = 3*i + x*q - 76, v*i + q = 68. Calculate the remainder when 95 is divided by i.
23
Let g = -4199 + 4364. Calculate the remainder when 165 is divided by g.
0
Let u(f) = -8*f - 120. Let l be u(5). Let c = -158 - l. Calculate the remainder when c is divided by 2.
0
Suppose -3*g = g + 576. Let y be (-8)/6*g/(-32). Let w(h) = h**2 - 2*h - 26. What is the remainder when w(y) is divided by 4?
2
Let x = 281 - 278. Suppose -x*j + 3*q + 41 = -j, 5*q = -5*j + 90. Calculate the remainder when 74 is divided by j.
17
Let g(s) be the second derivative of 109*s**4/6 + s**3/3 + s**2 + 4*s. Let i be g(-1). Suppose -4*v = -i - 58. Calculate the remainder when v is divided by 18.
15
Let t be 4/(-6)*8/((-64)/36). Suppose 4*f - 10*u - 632 = -13*u, 167 = f + t*u. Calculate the remainder when f is divided by 12.
11
Let y(h) = 23 - 185*h + 54*h + 88*h. What is the remainder when y(-2) is divided by 16?
13
Let c be (-712)/(-24) + (-4)/6. Let z = 1 + -7. Let g = c + z. What is the remainder when g is divided by 8?
7
Let o(c) = c**3 - 31*c**2 + 14*c + 519. Calculate the remainder when 40 is divided by o(30).
1
Suppose -2*c + 528 = 4*s, -3*s - c - 41 + 438 = 0. Calculate the remainder when 276 is divided by s.
10
Let g = 5122 - 2965. What is the remainder when g is divided by 2145?
12
Suppose -251 = -2*u - 17. Let w = 67086 + -67050. What is the remainder when u is divided by w?
9
Let m(i) = -2*i**2 - 15*i - 24. Let t be 2*1*(-6 - 2)*-4. Let y = 81 - t. What is the remainder when y is divided by m(-3)?
2
Suppose -4*v - 3*b = -767, -4*b + 507 = 4*v - 261. Calculate the remainder when v is divided by 62.
5
Let m = -12416 - -12620. Calculate the remainder when m is divided by 75.
54
Let r be (35/(-7) - -4)/(2/(-40)). Suppose -4*x + p - r = 0, 2*p - 6 = -2*x - 26. Calculate the remainder when 89 is divided by 80/24*(-1)/(x/27).
14
Let t(g) = -g**2 - 6*g + 33. Let k = 231 - 239. What is the remainder when t(k) is divided by 6?
5
Let w = -4155 - -4220. Calculate the remainder when 522 is divided by w.
2
Suppose g = 2 + 2. Suppose 3*h - 6 = -3*r + 15, -h + 9 = 2*r. Suppose 2*t - 34 = -3*t - g*v, -h*t = 2*v - 42. What is the remainder when 28 is divided by t?
8
Let f(k) = -k + 16. Let s be (-1)/(-8) - 1197/(-152). Let w be f(s). What is the remainder when 29 is divided by (0 - 30/w)*88/(-33)?
9
Let u(c) = 5*c**2 + 122*c - 54. Let v be u(-29). Let k = v - 510. Suppose 2*z = 4*p - 112, -z + 126 = p + 4*p. What is the remainder when k is divided by p?
25
Suppose -76 = a + 8. Calculate the remainder when -38*(-1)/(-4)*a/14 is divided by ((-6)/(-4))/(2/20).
12
What is the remainder when 2753 is divided by ((-4)/(-10) + (-32)/30)/((-144)/864)?
1
Suppose 9*w - 170 = -25*w. Suppose -2*j + 345 = g, 5*j + 8*g - w*g - 861 = 0. Calculate the remainder when j is divided by 44.
42
Let n(j) = 3*j**3 - 29*j**2 + 16*j + 32. Calculate the remainder when 7808 is divided by n(9).
10
Suppose 3*a = -c - 5, 6*c = c + 4*a + 32. Let w(x) = x**3 - 3*x**2 - 3*x - 4. What is the remainder when w(6) is divided by c?
2
Let w be (-2)/6 - ((-325)/3 + 3). Suppose -w*a = -107*a + 22. What is the remainder when 42 is divided by a?
9
Calculate the remainder when 0/(16/4 + (-6 - -1)) - -42 is divided by 23.
19
Let t(q) = q**2 + 72*q + 342. What is the remainder when 1 + 2 + -2 - -15 is divided by t(-67)?
2
Let b = 1691 + -1155. What is the remainder when b is divided by 49?
46
Let l = -43 + 73. Suppose l = -6*b + 3*b + 3*y, 5*b + 5 = -4*y. Let n = b + 100. What is the remainder when n is divided by 32?
31
Suppose 45*w = 783 + 2277. Calculate the remainder when 947 is divided by w.
63
Let r(x) = 9*x**2 - 3*x. Let j be r(-4). Let u(k) = -2*k**2 - 31*k - 194. Let f be u(-11). Let v = f + j. What is the remainder when v is divided by 31?
30
Suppose 278*p + 7190 - 57786 = 0. What is the remainder when p is divided by 47?
41
Suppose 719*q - 8718 - 8376 = 18137. Suppose -2*b - 10 = 0, -2*x - 19 = b - 74. What is the remainder when q is divided by x?
19
Let m(v) = v**3 - 9*v**2 + 23*v - 51. Let r be m(7). Calculate the remainder when 361 is divided by r/8*(-66)/(-9).
9
Suppose 0 = 22*u + 35*u - 456. Suppose -p = 2*p - g - 81, -2*g - 6 = 0. What is the remainder when p is divided by u?
2
Suppose -3*y - 38 + 47 = 0. Suppose -112 = -l + v, y*l - v + 6*v = 296. What is the remainder when l is divided by 27?
26
Suppose 0 = -7*l - 600 + 1951. What is the remainder when l is divided by 63?
4
Suppose -20878 = 3620*l - 3763*l. Suppose -j + 69 = -5*o, 7*o = 4*j + 2*o - 216. Calculate the remainder when l is divided by j.
48
Let h = -669 + 1431. What is the remainder when 199 is divided by 124/(-155) + (h/5)/3?
49
Let u = -219 - -151. Suppose 5*n + 295 + 35 = 0. Let r = n - u. Calculate the remainder when 5 is divided by r.
1
Let x(g) = 4*g**2 - 10*g + 1. Let f be x(7). Suppose -4*h = s - 7*h - f, -3*s = 4*h - 329. Let b = 56503 - 56490. What is the remainder when s is divided by b?
11
Suppose 5*z - 210 = -3*l, 11 = z - 2*l - 44. Calculate the remainder when 330 is divided by z.
15
What is the remainder when 541 is divided by 80/8 + (7 + -7 - -185)?
151
Let t = -7949 + 8024. Calculate the remainder when t is divided by 58.
17
Calculate the remainder when -7*(-15)/525 - 2104/(-5) is divided by 80.
21
Let l = 1502 + -1496. Suppose 3*w - 21 = -3*g + 3, 2*w + 5 = 5*g. Suppose -24 = -w*m + 3*j - 2*j, -4*j = m - 9. What is the remainder when l is divided by m?
1
Let t(i) = -10*i + 200. Let z be t(20). Suppose 2*m - h - 94 = z, 0*h = -5*m + 4*h + 235. Calculate the remainder when m is divided by 19.
9
Suppose 48 = 190*v - 178*v. Calculate the remainder when 271 is divided by v.
3
Let a(i) = -3*i - 10. Let w be a(-4). Suppose 0 = 3*n - w*n - j + 22, -14 = n - 5*j. What is the remainder when (n/(-10))/((-12)/(-320)*8) is divided by 5?
3
Let s(a) = a**3 + 24*a**2 - 168*a - 1300. Calculate the remainder when 816 is divided by s(-28).
12
Let u = -11136 - -11161. Let d(k) = 16*k**3 - 2*k**2 + 2*k. Calculate the remainder when d(2) is divided by u.
24
Let r = 205 + -202. Let s(b) = 10*b**3 - 8*b**2 - 5*b + 4. What is 